{"id":29,"date":"2015-05-11T13:29:20","date_gmt":"2015-05-11T13:29:20","guid":{"rendered":"http:\/\/www.aide-domicile.ca\/?page_id=29"},"modified":"2026-02-05T15:23:37","modified_gmt":"2026-02-05T15:23:37","slug":"residence-castonguay","status":"publish","type":"page","link":"https:\/\/www.aide-domicile.ca\/index.php\/residence-castonguay\/","title":{"rendered":"Villa Castonguay"},"content":{"rendered":"<div class=\"wpb-content-wrapper\"><p>[vc_row type=\u00a0\u00bbdefault_section\u00a0\u00bb container_type=\u00a0\u00bbfull_width\u00a0\u00bb bg_image_repeat=\u00a0\u00bbrepeat-y\u00a0\u00bb bg_parallax=\u00a0\u00bbdisable\u00a0\u00bb bg_overlay_color=\u00a0\u00bb#2d3e50&Prime; wego_no_mb=\u00a0\u00bbno-margin\u00a0\u00bb padding_top=\u00a0\u00bb0&Prime; padding_bottom=\u00a0\u00bb0&Prime;][vc_column][rev_slider_vc alias=\u00a0\u00bbcastonguay-2&Prime;][\/vc_column][\/vc_row][vc_row type=\u00a0\u00bbdefault_section\u00a0\u00bb container_type=\u00a0\u00bbin_grid\u00a0\u00bb bg_image_repeat=\u00a0\u00bbrepeat-y\u00a0\u00bb bg_parallax=\u00a0\u00bbdisable\u00a0\u00bb bg_overlay_color=\u00a0\u00bb#2d3e50&Prime; padding_top=\u00a0\u00bb40&Prime; padding_bottom=\u00a0\u00bb40&Prime;][vc_column width=\u00a0\u00bb1\/2&Prime;][vc_single_image image=\u00a0\u00bb475&Prime; img_size=\u00a0\u00bbfull\u00a0\u00bb][vc_column_text]<\/p>\n<h1>La Villa\u00a0Castonguay c&rsquo;est<\/h1>\n<p>[\/vc_column_text][vc_column_text css=\u00a0\u00bb\u00a0\u00bb el_class=\u00a0\u00bbinfo-residence\u00a0\u00bb]<\/p>\n<ul>\n<li>Un immeuble locatif pour a\u00een\u00e9s autonomes<\/li>\n<li>36 logements de 3 1\/2 et 4 1\/2<\/li>\n<li>2 repas par jour<\/li>\n<li>Buanderie accessible aux locataires, et ce, gratuitement<\/li>\n<li>Service de c\u00e2blodistribution de base avec Cogeco<\/li>\n<li>Syst\u00e8me d\u2019interphone pour acc\u00e9der \u00e0 la r\u00e9sidence et bouton d\u2019urgence<\/li>\n<li>Syst\u00e8me de gicleurs et de d\u00e9tecteur de fum\u00e9e adapt\u00e9s sp\u00e9cialement dans chaque logement<\/li>\n<li>Salle \u00e0 d\u00eener et d\u2019activit\u00e9s communes<\/li>\n<li>Ascenseur<\/li>\n<li>Balcon priv\u00e9<\/li>\n<li>Un chat, deux oiseaux ou poissons autoris\u00e9s<\/li>\n<li>Salle de bain adapt\u00e9e avec barre d\u2019appui et douche t\u00e9l\u00e9phone<\/li>\n<li>\u00c9glise, pharmacies, parcs, centre commercial, caisse, bureau postal, \u00e9picerie et centre de service sociaux \u00c0 PROXIMIT\u00c9<\/li>\n<li>50% des logements sont subventionn\u00e9s par la SHQ selon le revenu du locataire<\/li>\n<\/ul>\n<p>[\/vc_column_text][vc_column_text]<\/p>\n<h2>Co\u00fbts<\/h2>\n<p>[\/vc_column_text][vc_column_text css=\u00a0\u00bb\u00a0\u00bb el_class=\u00a0\u00bblog-tab-info1&Prime;]<\/p>\n<p class=\"log-info-1\">Logement entre 688$ et 915$<\/p>\n<p>[\/vc_column_text][vc_column_text css=\u00a0\u00bb\u00a0\u00bb el_class=\u00a0\u00bbclearfix log-tab-info2&Prime;]<\/p>\n<p class=\"log-info-1\">C\u00e2ble de base et Internet avec Cogeco (+70$)<\/p>\n<p>[\/vc_column_text][vc_column_text css=\u00a0\u00bb\u00a0\u00bb el_class=\u00a0\u00bbclearfix log-tab-info4&Prime;]<\/p>\n<p class=\"log-info-1\">2 repas par jour du lundi au vendredi<br \/>\n(d\u00eener et souper)[\/vc_column_text][vc_column_text css=\u00a0\u00bb\u00a0\u00bb]<\/p>\n<p class=\"clearfix\">** Les logements co\u00fbtent 1590$ par mois au maximum avec service de repas obligatoire. Des d\u00e9ductions gouvernementales sont disponibles. **<\/p>\n<p>[\/vc_column_text][vc_column_text css=\u00a0\u00bb\u00a0\u00bb]<\/p>\n<h2>Historique<\/h2>\n<p>La transformation de l\u2019\u00e9cole Castonguay en immeuble locatif pour a\u00een\u00e9s a \u00e9t\u00e9 pilot\u00e9e par <span data-olk-copy-source=\"MessageBody\">REM\/Aide \u00e0 domicile<\/span>, une entreprise d\u2019\u00e9conomie sociale \u00e0 but non lucratif pour les services d\u2019aide \u00e0 domicile. Ce projet a obtenu la majorit\u00e9 de son financement gr\u00e2ce aux contributions de la Soci\u00e9t\u00e9 d\u2019habitation du Qu\u00e9bec, de la Ville d\u2019Asbestos, de la Caisse Desjardins des M\u00e9taux Blancs et le Centre local de d\u00e9veloppement des Sources. La grande g\u00e9n\u00e9rosit\u00e9 de la population de la MRC des Sources a permis d\u2019amasser la somme manquante pour le d\u00e9but des travaux qui ont eu lieu au printemps 2011. En 2024, l\u2019agrandissement a permis l\u2019ajout de 20 nouveaux logements.[\/vc_column_text][vc_column_text css=\u00a0\u00bb\u00a0\u00bb el_class=\u00a0\u00bbcontact-castonguay\u00a0\u00bb]Pour information ou question<\/p>\n<p>819 879-5659 \u00a0poste 103[\/vc_column_text][\/vc_column][vc_column width=\u00a0\u00bb1\/2&Prime;][vc_gallery type=\u00a0\u00bbimage_grid\u00a0\u00bb images=\u00a0\u00bb624,613,612,615,614,611,131,136,618,617,616,135,134,133,132,129,128,127,126,125,124,123,121,619,623,622,620,621&Prime; img_size=\u00a0\u00bb275&#215;175&Prime; css=\u00a0\u00bb\u00a0\u00bb el_class=\u00a0\u00bbcastonguay-gallery\u00a0\u00bb][\/vc_column][\/vc_row]<\/p>\n<\/div>","protected":false},"excerpt":{"rendered":"<p>[vc_row type=\u00a0\u00bbdefault_section\u00a0\u00bb container_type=\u00a0\u00bbfull_width\u00a0\u00bb bg_image_repeat=\u00a0\u00bbrepeat-y\u00a0\u00bb bg_parallax=\u00a0\u00bbdisable\u00a0\u00bb bg_overlay_color=\u00a0\u00bb#2d3e50&Prime; wego_no_mb=\u00a0\u00bbno-margin\u00a0\u00bb padding_top=\u00a0\u00bb0&Prime; padding_bottom=\u00a0\u00bb0&Prime;][vc_column][rev_slider_vc alias=\u00a0\u00bbcastonguay-2&Prime;][\/vc_column][\/vc_row][vc_row type=\u00a0\u00bbdefault_section\u00a0\u00bb container_type=\u00a0\u00bbin_grid\u00a0\u00bb bg_image_repeat=\u00a0\u00bbrepeat-y\u00a0\u00bb bg_parallax=\u00a0\u00bbdisable\u00a0\u00bb bg_overlay_color=\u00a0\u00bb#2d3e50&Prime; padding_top=\u00a0\u00bb40&Prime; padding_bottom=\u00a0\u00bb40&Prime;][vc_column width=\u00a0\u00bb1\/2&Prime;][vc_single_image image=\u00a0\u00bb475&Prime; img_size=\u00a0\u00bbfull\u00a0\u00bb][vc_column_text] La Villa\u00a0Castonguay&#8230;<\/p>\n","protected":false},"author":1,"featured_media":0,"parent":0,"menu_order":0,"comment_status":"closed","ping_status":"closed","template":"template-vc.php","meta":{"footnotes":""},"class_list":["post-29","page","type-page","status-publish","hentry"],"_links":{"self":[{"href":"https:\/\/www.aide-domicile.ca\/index.php\/wp-json\/wp\/v2\/pages\/29","targetHints":{"allow":["GET"]}}],"collection":[{"href":"https:\/\/www.aide-domicile.ca\/index.php\/wp-json\/wp\/v2\/pages"}],"about":[{"href":"https:\/\/www.aide-domicile.ca\/index.php\/wp-json\/wp\/v2\/types\/page"}],"author":[{"embeddable":true,"href":"https:\/\/www.aide-domicile.ca\/index.php\/wp-json\/wp\/v2\/users\/1"}],"replies":[{"embeddable":true,"href":"https:\/\/www.aide-domicile.ca\/index.php\/wp-json\/wp\/v2\/comments?post=29"}],"version-history":[{"count":67,"href":"https:\/\/www.aide-domicile.ca\/index.php\/wp-json\/wp\/v2\/pages\/29\/revisions"}],"predecessor-version":[{"id":895,"href":"https:\/\/www.aide-domicile.ca\/index.php\/wp-json\/wp\/v2\/pages\/29\/revisions\/895"}],"wp:attachment":[{"href":"https:\/\/www.aide-domicile.ca\/index.php\/wp-json\/wp\/v2\/media?parent=29"}],"curies":[{"name":"wp","href":"https:\/\/api.w.org\/{rel}","templated":true}]}}