{"id":13,"date":"2015-05-11T13:27:22","date_gmt":"2015-05-11T13:27:22","guid":{"rendered":"http:\/\/www.aide-domicile.ca\/?page_id=13"},"modified":"2025-09-02T14:53:23","modified_gmt":"2025-09-02T14:53:23","slug":"services-offerts","status":"publish","type":"page","link":"https:\/\/www.aide-domicile.ca\/index.php\/services-offerts\/","title":{"rendered":"Services offerts"},"content":{"rendered":"<div class=\"wpb-content-wrapper\"><p>[vc_row type=\u00a0\u00bbdefault_section\u00a0\u00bb container_type=\u00a0\u00bbin_grid\u00a0\u00bb bg_image_repeat=\u00a0\u00bbrepeat-y\u00a0\u00bb bg_parallax=\u00a0\u00bbdisable\u00a0\u00bb bg_overlay_color=\u00a0\u00bb#2d3e50&Prime; padding_top=\u00a0\u00bb50px\u00a0\u00bb padding_bottom=\u00a0\u00bb80px\u00a0\u00bb wego_id=\u00a0\u00bbentretien\u00a0\u00bb][vc_column][vc_column_text]<\/p>\n<h1>Nos services offerts<\/h1>\n<p>[\/vc_column_text][vc_text_separator title=\u00a0\u00bbP\u00a0\u00bb color=\u00a0\u00bbblack\u00a0\u00bb el_class=\u00a0\u00bbseparator separator-entretien\u00a0\u00bb][vc_column_text el_class=\u00a0\u00bbtitre-entretien\u00a0\u00bb]<\/p>\n<h2>Entretien g\u00e9n\u00e9ral des aires de vie<\/h2>\n<p>[\/vc_column_text][vc_row_inner][vc_column_inner width=\u00a0\u00bb1\/2&Prime;][vc_column_text]<\/p>\n<ul>\n<li class=\"entretien-item\">Balayer ou passer l\u2019aspirateur<\/li>\n<li class=\"entretien-item\">Passer l\u2019aspirateur sous les lits et les meubles<\/li>\n<li class=\"entretien-item\">D\u00e9placer les petits meubles munis de feutres pour bien nettoyer derri\u00e8re et en dessous<\/li>\n<li class=\"entretien-item\">\u00c9pousseter avec un linge humide (meuble, cadre, bibelot\u2026)<\/li>\n<li class=\"entretien-item\">Laver les miroirs<\/li>\n<li class=\"entretien-item\">Laver les planchers avec vadrouille<\/li>\n<li class=\"entretien-item\">Laver la vaisselle ou vider et remplir le lave-vaisselle<\/li>\n<li class=\"entretien-item\">Changer les lits<\/li>\n<li class=\"entretien-item\">Sortir les ordures et laver les poubelles dans toutes les pi\u00e8ces de la maison (incluant les cendriers)<\/li>\n<li class=\"entretien-item\">Laver les fen\u00eatres comme un miroir (int\u00e9rieur, rebord, cadrage) <strong><em>pas tout le m\u00e9canisme<\/em><\/strong><\/li>\n<li class=\"entretien-item\">Laver lustres et ventilateurs (<strong><em>sans les d\u00e9faire<\/em><\/strong>) utiliser un escabeau s\u00e9curitaire seulement<\/li>\n<li class=\"entretien-item\">Laver les moulures, les poign\u00e9es de porte, les interrupteurs, les calorif\u00e8res, bords des murs\u2026<\/li>\n<li class=\"entretien-item\">\u00c9pousseter les coins des plafonds avec vadrouille pour enlever les toiles d\u2019araign\u00e9e ou fils de poussi\u00e8re<\/li>\n<\/ul>\n<p>[\/vc_column_text][\/vc_column_inner][vc_column_inner width=\u00a0\u00bb1\/2&Prime;][vc_single_image image=\u00a0\u00bb691&Prime; img_size=\u00a0\u00bbfull\u00a0\u00bb alignment=\u00a0\u00bbright\u00a0\u00bb css=\u00a0\u00bb\u00a0\u00bb][\/vc_column_inner][\/vc_row_inner][vc_column_text el_class=\u00a0\u00bbclearfix titre-entretien\u00a0\u00bb]<\/p>\n<h2>Entretien\u00a0g\u00e9n\u00e9rale\u00a0des \u00e9quipements d&rsquo;usage quotidien<\/h2>\n<p>Nettoyer tous appareils m\u00e9nagers et \u00e9lectrom\u00e9nagers, garde-manger, four micro-ondes, grille-pain, bouilloire, cafeti\u00e8re, hotte de po\u00eale, r\u00e9frig\u00e9rateur, po\u00eale\u2026<\/p>\n<p>** Entretien g\u00e9n\u00e9ral donc nous n&rsquo;enlevons pas tout sur les tablettes, pas de gros r\u00e9curage ou de produit puissant[\/vc_column_text][\/vc_column][\/vc_row][vc_row type=\u00a0\u00bbdefault_section\u00a0\u00bb container_type=\u00a0\u00bbin_grid\u00a0\u00bb bg_image_repeat=\u00a0\u00bbrepeat-y\u00a0\u00bb bg_parallax=\u00a0\u00bbdisable\u00a0\u00bb bg_overlay_color=\u00a0\u00bb#2d3e50&Prime; padding_top=\u00a0\u00bb30px\u00a0\u00bb padding_bottom=\u00a0\u00bb80px\u00a0\u00bb wego_id=\u00a0\u00bbautres-services\u00a0\u00bb][vc_column][vc_text_separator title=\u00a0\u00bbP\u00a0\u00bb color=\u00a0\u00bbblack\u00a0\u00bb el_class=\u00a0\u00bbseparator separator-autres\u00a0\u00bb][vc_column_text el_class=\u00a0\u00bbtitre-autres\u00a0\u00bb]<\/p>\n<h2>Encore plus de Services<\/h2>\n<p>[\/vc_column_text][vc_tta_tabs][vc_tta_section title=\u00a0\u00bbPr\u00e9paration des repas\u00a0\u00bb tab_id=\u00a0\u00bb1666099871953-4bcf3372-e4bf\u00a0\u00bb][vc_column_text]Pr\u00e9paration des repas ou aide au repas\u00a0:<\/p>\n<ul>\n<li>couper les l\u00e9gumes, pr\u00e9parer une soupe<\/li>\n<li>pr\u00e9paration des repas sans di\u00e8tes<\/li>\n<\/ul>\n<p>[\/vc_column_text][\/vc_tta_section][vc_tta_section title=\u00a0\u00bbEntretien des v\u00eatements\u00a0\u00bb tab_id=\u00a0\u00bb1666099871968-a787582a-f73c\u00a0\u00bb][vc_column_text]<\/p>\n<ul>\n<li>Faire le lavage, le s\u00e9chage ou \u00e9tendre sur la corde \u00e0 linge, le pliage et le repassage.<\/li>\n<li>Selon l\u2019employ\u00e9e, faire certaines r\u00e9parations courantes<\/li>\n<\/ul>\n<p>[\/vc_column_text][\/vc_tta_section][vc_tta_section title=\u00a0\u00bbAccompagnement\u00a0\u00bb tab_id=\u00a0\u00bb1666100024526-8beb8fa4-c502&Prime;][vc_column_text]Faire les courses pour l\u2019\u00e9picerie, la pharmacie, la caisse\u00a0en utilisant la voiture de l\u2019employ\u00e9e<\/p>\n<p>(frais de 0.40$ \/km aller et retour \u00e0 payer imm\u00e9diatement \u00e0 l\u2019employ\u00e9e en argent pour d\u00e9frayer son essence)<\/p>\n<p>** Minimum\u00a01.00$[\/vc_column_text][\/vc_tta_section][vc_tta_section title=\u00a0\u00bbAutres\u00a0\u00bb tab_id=\u00a0\u00bb1666100052185-8cbea36c-65d3&Prime;][vc_column_text]Si les comp\u00e9tences de l\u2019employ\u00e9e le permettent, vous pouvez lui demander de vous aider \u00e0 installer un cadre, faire vos d\u00e9corations de No\u00ebl, faire des bo\u00eetes en vue d\u2019un d\u00e9m\u00e9nagement\u2026[\/vc_column_text][\/vc_tta_section][\/vc_tta_tabs][\/vc_column][\/vc_row][vc_row type=\u00a0\u00bbdefault_section\u00a0\u00bb container_type=\u00a0\u00bbin_grid\u00a0\u00bb bg_image_repeat=\u00a0\u00bbrepeat-y\u00a0\u00bb bg_parallax=\u00a0\u00bbdisable\u00a0\u00bb bg_overlay_color=\u00a0\u00bb#2d3e50&Prime; padding_top=\u00a0\u00bb30px\u00a0\u00bb padding_bottom=\u00a0\u00bb0px\u00a0\u00bb wego_no_mb=\u00a0\u00bbno-margin\u00a0\u00bb wego_id=\u00a0\u00bbrepit\u00a0\u00bb][vc_column][vc_text_separator title=\u00a0\u00bbP\u00a0\u00bb color=\u00a0\u00bbblack\u00a0\u00bb el_class=\u00a0\u00bbseparator separator-repit\u00a0\u00bb][vc_column_text el_class=\u00a0\u00bbtitre-repit\u00a0\u00bb]<\/p>\n<h2 style=\"text-align: left;\">R\u00e9pit individuel<\/h2>\n<p>[\/vc_column_text][\/vc_column][\/vc_row][vc_row type=\u00a0\u00bbdefault_section\u00a0\u00bb container_type=\u00a0\u00bbin_grid\u00a0\u00bb bg_image_repeat=\u00a0\u00bbrepeat-y\u00a0\u00bb bg_parallax=\u00a0\u00bbdisable\u00a0\u00bb bg_overlay_color=\u00a0\u00bb#2d3e50&Prime; padding_top=\u00a0\u00bb0px\u00a0\u00bb padding_bottom=\u00a0\u00bb80px\u00a0\u00bb wego_no_mb=\u00a0\u00bbno-margin\u00a0\u00bb][vc_column width=\u00a0\u00bb5\/12&Prime;][vc_single_image image=\u00a0\u00bb404&Prime; img_size=\u00a0\u00bbfull\u00a0\u00bb][\/vc_column][vc_column width=\u00a0\u00bb7\/12&Prime;][vc_column_text]Nous offrons des r\u00e9pits stimulation et combin\u00e9 avec soins d\u2019hygi\u00e8ne en collaboration avec le CIUSSS de l&rsquo;Estrie &#8211; CHUS<\/p>\n<p>Communiquez avec eux pour avoir les services.<\/p>\n<p>Val-des-Sources | 819 879-7158, poste 39437<br \/>\nVal Saint-Fran\u00e7ois | 819 542-2777, poste 55268[\/vc_column_text][\/vc_column][\/vc_row][vc_row type=\u00a0\u00bbdefault_section\u00a0\u00bb container_type=\u00a0\u00bbin_grid\u00a0\u00bb bg_image_repeat=\u00a0\u00bbrepeat-y\u00a0\u00bb bg_parallax=\u00a0\u00bbdisable\u00a0\u00bb bg_overlay_color=\u00a0\u00bb#2d3e50&Prime; padding_top=\u00a0\u00bb30px\u00a0\u00bb padding_bottom=\u00a0\u00bb50px\u00a0\u00bb wego_id=\u00a0\u00bbassistance-personnelle\u00a0\u00bb][vc_column][vc_text_separator title=\u00a0\u00bbP\u00a0\u00bb color=\u00a0\u00bbblack\u00a0\u00bb el_class=\u00a0\u00bbseparator separator-assistance\u00a0\u00bb][vc_column_text el_class=\u00a0\u00bbtitre-assistance\u00a0\u00bb]<\/p>\n<h2 class=\"titre-assistance\">Assistance personnelle<\/h2>\n<p>[\/vc_column_text][vc_row_inner][vc_column_inner width=\u00a0\u00bb1\/2&Prime;][vc_column_text]Pour que les gens habitent le plus longtemps possible \u00e0 domicile, nous offrons aussi le service d\u2019assistance personnelle.<\/p>\n<p><strong>(pas d\u2019aide financi\u00e8re de la RAMQ)<\/strong><\/p>\n<p><strong>Soins d\u2019hygi\u00e8ne<\/strong><\/p>\n<ul>\n<li>Donner un bain<\/li>\n<li>Faire une toilette totale ou partielle<\/li>\n<li>Couper les ongles (sauf diab\u00e9tique)<\/li>\n<li>Changer une culotte d\u2019incontinence<\/li>\n<li>Aider \u00e0 l\u2019habillement<\/li>\n<li>Aider \u00e0 l\u2019alimentation<\/li>\n<li>Brosser les dents<\/li>\n<li>Nettoyer les proth\u00e8ses dentaires<\/li>\n<li>Raser la barbe<\/li>\n<li>Installation et entretien d\u2019une proth\u00e8se auditive<\/li>\n<\/ul>\n<p><strong>Aide \u00e0 la personne<\/strong><\/p>\n<ul>\n<li>M\u00e9dicaments (distribution)Dispill pr\u00e9par\u00e9 par pharmacien<\/li>\n<li>Lecture de la temp\u00e9rature buccale<\/li>\n<li>Lecture de la tension art\u00e9rielle<\/li>\n<li>Installation de bas support<\/li>\n<li>Vidanger un sac collecteur d\u2019urine<\/li>\n<\/ul>\n<p><span style=\"text-decoration: underline;\">Seul\u00a0les pr\u00e9pos\u00e9s accr\u00e9dit\u00e9s pourront offrir ces services.<\/span>[\/vc_column_text][\/vc_column_inner][vc_column_inner width=\u00a0\u00bb1\/2&Prime;][vc_single_image image=\u00a0\u00bb495&Prime; img_size=\u00a0\u00bbfull\u00a0\u00bb alignment=\u00a0\u00bbright\u00a0\u00bb][\/vc_column_inner][\/vc_row_inner][\/vc_column][\/vc_row][vc_row type=\u00a0\u00bbdefault_section\u00a0\u00bb container_type=\u00a0\u00bbin_grid\u00a0\u00bb bg_image_repeat=\u00a0\u00bbrepeat-y\u00a0\u00bb bg_parallax=\u00a0\u00bbdisable\u00a0\u00bb bg_overlay_color=\u00a0\u00bb#2d3e50&Prime; padding_top=\u00a0\u00bb30px\u00a0\u00bb padding_bottom=\u00a0\u00bb50px\u00a0\u00bb wego_id=\u00a0\u00bbgrand-menage\u00a0\u00bb][vc_column][vc_text_separator title=\u00a0\u00bbP\u00a0\u00bb color=\u00a0\u00bbblack\u00a0\u00bb el_class=\u00a0\u00bbseparator separator-menage\u00a0\u00bb][vc_column_text el_class=\u00a0\u00bbtitre-entretien\u00a0\u00bb]<\/p>\n<h2 class=\"titre-menage\">Service de grand m\u00e9nage<\/h2>\n<p>[\/vc_column_text][vc_row_inner][vc_column_inner width=\u00a0\u00bb1\/2&Prime;][vc_column_text]<\/p>\n<ul>\n<li>Laver les fen\u00eatres int\u00e9rieures et ext\u00e9rieures, rebord, m\u00e9canisme et cadrage avec un escabeau stable de moins de 5 pieds de haut<\/li>\n<li>Laver et replacer l\u2019int\u00e9rieur des armoires (plusieurs \u00e0 la fois)<\/li>\n<li>Nettoyer <strong><em>compl\u00e8tement<\/em><\/strong> le r\u00e9frig\u00e9rateur et la cuisini\u00e8re, la hotte de la cuisini\u00e8re<\/li>\n<\/ul>\n<p>** L&#8217;employ\u00e9 se garde le droit de refuser la t\u00e2che si l&rsquo;endroit est non s\u00e9curitaire<\/p>\n<p><strong><em>(lorsqu\u2019on parle de produit puissant, de r\u00e9curage et de vider et d\u00e9faire les tablettes)<\/em><\/strong><\/p>\n<p><span style=\"color: #ff0000;\"><strong>*Non offert sur tout le territoire, valider avec l\u2019entreprise.<\/strong><\/span>[\/vc_column_text][\/vc_column_inner][vc_column_inner width=\u00a0\u00bb1\/2&Prime;][vc_single_image image=\u00a0\u00bb610&Prime; img_size=\u00a0\u00bbfull\u00a0\u00bb alignment=\u00a0\u00bbright\u00a0\u00bb css=\u00a0\u00bb\u00a0\u00bb][\/vc_column_inner][\/vc_row_inner][\/vc_column][\/vc_row]<\/p>\n<\/div>","protected":false},"excerpt":{"rendered":"<p>[vc_row type=\u00a0\u00bbdefault_section\u00a0\u00bb container_type=\u00a0\u00bbin_grid\u00a0\u00bb bg_image_repeat=\u00a0\u00bbrepeat-y\u00a0\u00bb bg_parallax=\u00a0\u00bbdisable\u00a0\u00bb bg_overlay_color=\u00a0\u00bb#2d3e50&Prime; padding_top=\u00a0\u00bb50px\u00a0\u00bb padding_bottom=\u00a0\u00bb80px\u00a0\u00bb wego_id=\u00a0\u00bbentretien\u00a0\u00bb][vc_column][vc_column_text] Nos services offerts [\/vc_column_text][vc_text_separator title=\u00a0\u00bbP\u00a0\u00bb color=\u00a0\u00bbblack\u00a0\u00bb el_class=\u00a0\u00bbseparator separator-entretien\u00a0\u00bb][vc_column_text el_class=\u00a0\u00bbtitre-entretien\u00a0\u00bb] Entretien g\u00e9n\u00e9ral des aires&#8230;<\/p>\n","protected":false},"author":1,"featured_media":0,"parent":0,"menu_order":0,"comment_status":"closed","ping_status":"closed","template":"template-vc.php","meta":{"footnotes":""},"class_list":["post-13","page","type-page","status-publish","hentry"],"_links":{"self":[{"href":"https:\/\/www.aide-domicile.ca\/index.php\/wp-json\/wp\/v2\/pages\/13","targetHints":{"allow":["GET"]}}],"collection":[{"href":"https:\/\/www.aide-domicile.ca\/index.php\/wp-json\/wp\/v2\/pages"}],"about":[{"href":"https:\/\/www.aide-domicile.ca\/index.php\/wp-json\/wp\/v2\/types\/page"}],"author":[{"embeddable":true,"href":"https:\/\/www.aide-domicile.ca\/index.php\/wp-json\/wp\/v2\/users\/1"}],"replies":[{"embeddable":true,"href":"https:\/\/www.aide-domicile.ca\/index.php\/wp-json\/wp\/v2\/comments?post=13"}],"version-history":[{"count":92,"href":"https:\/\/www.aide-domicile.ca\/index.php\/wp-json\/wp\/v2\/pages\/13\/revisions"}],"predecessor-version":[{"id":840,"href":"https:\/\/www.aide-domicile.ca\/index.php\/wp-json\/wp\/v2\/pages\/13\/revisions\/840"}],"wp:attachment":[{"href":"https:\/\/www.aide-domicile.ca\/index.php\/wp-json\/wp\/v2\/media?parent=13"}],"curies":[{"name":"wp","href":"https:\/\/api.w.org\/{rel}","templated":true}]}}